se -n + n = 2*n. Suppose n = -3*u - 2*x - 5, -3*u - 5*x = -2*u - 20. What is the remainder when 31 is divided by a(u)?
9
Let k = 18820 + -18787. Let o = 1 + 3. Calculate the remainder when k is divided by o.
1
Let a(j) = 3*j + 67. Let z be a(47). Let w = z - 186. Calculate the remainder when 570 is divided by w.
20
Suppose 6*t - 22*t + 160 = 4*t. Suppose -g + 117 = j, -4*j - 2*g + 5*g = -482. Calculate the remainder when j is divided by t.
7
Let r(y) = 19*y - 52. Let p = -15 - -28. What is the remainder when r(15) is divided by p?
12
Suppose -4*w = -7*w + 1410. Suppose -3*x + w = 2*x. What is the remainder when x is divided by -6*(64/6)/(-2)?
30
Suppose 0*c = 2*c - 322. What is the remainder when c is divided by 140?
21
Let s(y) = -68*y - 20. What is the remainder when s(-2) is divided by (8/16)/(1/26)?
12
Suppose 0 = 22*t - 54*t + 16640. What is the remainder when t is divided by 133?
121
Suppose 0 = 147*w + 411 - 10407. What is the remainder when 216 is divided by w?
12
Let n(k) = -3*k + 48. What is the remainder when ((-8)/14)/(4070/(-1015) + 4) is divided by n(6)?
28
Let y be (-2)/(-3) - -125*5/(-15). Let x = 46 + y. Suppose -x*q + 18*q = 845. Calculate the remainder when q is divided by 18.
11
Let w(g) = -g**2 + 13*g + 15. Let z be w(11). Suppose -6*o + 79 - z = 0. Calculate the remainder when 46 is divided by o.
4
Let d = 23802 - 22581. What is the remainder when d is divided by 35?
31
Let c be 13/3*-2*12. Let v = c - -111. What is the remainder when 34 is divided by v?
6
Suppose 4*n = 2*n + 56. What is the remainder when 2/((-4)/102)*-4*3/9 is divided by n?
12
Let w(b) = -15*b**3 + 16*b + 16. Let c be w(-1). Calculate the remainder when 1293 is divided by ((-10)/c)/((-1)/54).
33
Suppose -b - 329 = -u + 234, b = -2*u + 1138. Let a = u - 346. Calculate the remainder when a is divided by 56.
53
Let a = -1 - -4. Let h = -346 + 346. Suppose 2*v - 12 - 2 = h. Calculate the remainder when v is divided by a.
1
Let t be 3/(7 + (-4819)/688). Let y = t + 707. Calculate the remainder when 101 is divided by y.
6
Let f be (75/20)/((-15)/(-200)). Suppose g - f + 202 = 3*k, -g + 240 = 5*k. What is the remainder when 145 is divided by k?
47
Let x = -832 + 1232. Suppose -11*f + 16*f = -x. Calculate the remainder when (39/13)/(2/(f/(-6))) is divided by 12.
8
Suppose 63*j + 5*j - 3746 = 9786. Calculate the remainder when 6563 is divided by j.
195
Suppose -53*n + 4296 + 3075 = -579. Calculate the remainder when 664 is divided by n.
64
Suppose -4*i + 678 = 2. Suppose 1 = 10*o - i. Calculate the remainder when 184 is divided by o.
14
Calculate the remainder when 455 is divided by 22/(-6)*34*24*15/(-240).
81
Let g(x) = -3*x. Let t be g(5). Let j(z) = -z - 13. Calculate the remainder when 13 is divided by j(t).
1
Suppose -20*z + 5658 = 21*z. Let t = 233 - z. Calculate the remainder when t is divided by 33.
29
Let j = 256 - 250. What is the remainder when (-17 - -51)/(3/j) is divided by 19?
11
Suppose 3*q - 5*y - 389 = -238, -5*y - 109 = -2*q. Calculate the remainder when 391 is divided by q.
13
Let j(v) = -2*v**2 + 3*v + 70. Let t be j(0). Suppose -147*z + 145*z + t = 0. What is the remainder when 136 is divided by z?
31
Suppose -209 = -4*v + i, 3*v - 157 = i - 0*i. Let l = -34 - -20. Let g = 32 + l. What is the remainder when v is divided by g?
16
Let o(l) = 37*l**3 + l**2 - 69*l + 424. Calculate the remainder when o(6) is divided by 5.
3
Suppose -t = 5*n - 1874, -2*t - 1138 = -3*n - 6*t. Let d = n - 343. What is the remainder when 243 is divided by d?
26
What is the remainder when 3158 is divided by -218*((-93)/6 - -15)?
106
Let d(l) = -l - 1. Let q be d(-5). Suppose q - 2 = -b. Calculate the remainder when (-3)/b*((-275)/(-15) - -1) is divided by 10.
9
Suppose 21083 = 4*q - 0*q + 3*k, -5*k - 35 = 0. What is the remainder when q is divided by 220?
216
Let k(v) = v**2 - 13*v + 4. Let m be k(13). Suppose -m*g = -2*g, -5*g + 70 = 5*w. What is the remainder when (-6)/27 - (-470)/9 is divided by w?
10
Let k = 21 - 19. Suppose w + 0*t = -t + 11, 4*w + 3*t = 47. What is the remainder when (-2 - (k - 3))*(-10 - 57) is divided by w?
11
Suppose -151*k + 2638 + 2480 = 1192. Calculate the remainder when 1376 is divided by k.
24
Suppose -32*f + 168 = -24*f. Let s be (f - (-2 + 4))/(-1 - -2). Suppose 2*o + 68 = 3*x, 2*x - s = -2*o + 13. What is the remainder when 179 is divided by x?
19
Suppose -5*f - 4*z + 197 = -3*z, 28 = f + 4*z. Suppose -10*s - f = -14*s. Calculate the remainder when 79 is divided by s.
9
Let w = 557 + -555. Suppose -4*m + 5 = 5*g + w, -3*m + 1 = 4*g. What is the remainder when m is divided by 5?
2
Let n(k) = 37*k + 37. Suppose 10*v - 4*h = 11*v - 40, -5*h + 99 = 3*v. What is the remainder when n(5) is divided by v?
26
Suppose -20*w + 23*w = 12. Suppose -10*y = -6*y. Suppose y = -m - 4*m + 35. Calculate the remainder when m is divided by w.
3
Let d = -5 + 41. Let p be (2 - 5)*328/24. What is the remainder when d is divided by p/(-4) - 1/4?
6
Suppose 44 + 166 = -3*g. Let d = -62 - g. Suppose -636 = d*f - 14*f. What is the remainder when f is divided by 54?
52
Suppose -4*c = -54 - 6. Let f = -2195 + 2344. Calculate the remainder when f is divided by c.
14
Suppose 2*z = 3*c + 6 - 3, 0 = -z - c + 4. Suppose -2*w - 26 = -z*g - 11, -5*g = -4*w - 23. What is the remainder when 24 is divided by g?
3
Suppose 5*t + 1333 = -67. Let u = t - -306. Calculate the remainder when 126 is divided by u.
22
Calculate the remainder when 1437 is divided by ((-10)/(-4))/((-5)/270*30/(-20)).
87
Suppose c - 3*c = -534. Calculate the remainder when c is divided by 8*(5 + 1 + ((-2)/(-4))/((-54)/(-270))).
63
Let b(a) = 11 - 1 - 2 + 6*a - 7*a. Let m be b(5). Suppose -2*l = m*l - 4*i - 58, 4*i = -8. Calculate the remainder when 25 is divided by l.
5
Suppose 8*j = 33 - 9. Suppose -j*n + 2*i + 150 = 2, 0 = 4*n + 3*i - 203. Calculate the remainder when n is divided by 31.
19
Suppose 3*r + 219 = -3*n, -5*n - r = -109 + 470. What is the remainder when 31 is divided by n/(-8) - 2*-3?
1
Suppose 0 = f - 5*w - 81, 5*f - 5*w - 470 = 35. Let q = f - -68. Let n = -130 + q. Calculate the remainder when n is divided by 17.
10
Suppose -133*z + 9 = -136*z. What is the remainder when 37 is divided by (-1 - z)*(1/2 + 8)?
3
Let p(v) = -v**2 + v + 7. Let z be (10 - 9)/(1/(-3)). Let i be p(z). Calculate the remainder when 39 is divided by (-275)/22*4/i.
9
Suppose 97*t - 13952 = 5545. What is the remainder when 605 is divided by t?
2
Suppose 15*g = 3*c + 12*g - 9, -5*g + 3 = -2*c. Suppose p + c*p = 238. What is the remainder when 40 is divided by p?
6
Let a(l) = -l**2 - 2*l + 4. Let n be 1 - (2 + -3) - (6 - 97). Let x = 91 - n. What is the remainder when 9 is divided by a(x)?
1
Let c(u) = -u**3 + 24*u**2 + 28*u - 218. Calculate the remainder when c(10) is divided by 122.
120
Let j be (-279)/(-99) - 6/(-33). Let z(s) = -15*s + 71. What is the remainder when z(j) is divided by 9?
8
Suppose -31*c - 9*c = 17*c - 91314. What is the remainder when c is divided by 8?
2
Let v(m) = 15*m - 32. Let c be v(7). Suppose -g + 269 - c = 0. Calculate the remainder when g is divided by 72.
52
Calculate the remainder when 6 - (-7 + 13) - -663 is divided by 4.
3
Suppose -33*n + 2091 = -16*n. Calculate the remainder when n is divided by 115.
8
Suppose 2*p = 4*y - 568 + 484, y - 7 = 4*p. Calculate the remainder when 561 is divided by y.
9
Calculate the remainder when (1 - 1/3) + (-154878)/(-747) is divided by (21/2)/((-9)/(-18)).
19
Let p(y) = 47*y + 235. What is the remainder when p(7) is divided by 140?
4
Let p(o) = -o**3 - 6*o**2 - 7*o - 5. What is the remainder when (32/5)/((-255)/(-50) - 5) is divided by p(-5)?
4
Suppose -24*o = -31*o + 21. Suppose 2*s - o*r = -0*s + 15, -5*r - 20 = -3*s. What is the remainder when 161 is divided by s?
11
Let l(x) = -5*x + 5. Let q be l(-10). Suppose 50*c - q*c + 320 = 0. Let i = 152 + -141. What is the remainder when c is divided by i?
9
Calculate the remainder when 202 is divided by 63*(-7)/(-49) + 43.
46
Suppose 36 = 31*a - 26. Suppose -12 = -a*q - 4*i, -5*q + 22*i = 20*i - 78. Calculate the remainder when q is divided by 5.
4
Let p(d) = -82*d + 1. Suppose 8*f + u = 6*f + 202, 475 = 5*f - 5*u. What is the remainder when p(-6) is divided by f?
97
Suppose 4*b - i - 38694 = -2*i, -b